{"id":90,"date":"2021-01-28T14:06:14","date_gmt":"2021-01-28T17:06:14","guid":{"rendered":"https:\/\/www.cifha.org.ar\/web\/?page_id=90"},"modified":"2024-10-30T04:16:58","modified_gmt":"2024-10-30T07:16:58","slug":"sumate-a-la-comunidad-cifha","status":"publish","type":"page","link":"https:\/\/www.cifha.org.ar\/web\/institucional\/sumate-a-la-comunidad-cifha\/","title":{"rendered":"Sumate a la Comunidad CIFHA"},"content":{"rendered":"\n<p>Te invitamos a ser parte de la Comunidad CIFHA, a disfrutar de los servicios y actividades totalmente gratuitas que ofrecemos.<\/p>\n\n\n\n<p>Nuestras puertas est\u00e1n abiertas a artistas visuales, arquitectos, historiadores, acad\u00e9micos, estudiantes, organizaciones y a todas las personas interesadas en la cultura y  la reflexi\u00f3n.<\/p>\n\n\n\n<p><strong>Quiero ser parte de la Comunidad CIFHA<\/strong><\/p>\n\n\n\n<p>Registrate ahora&nbsp; y empez\u00e1 a disfrutar. Acceso libre y gratuito. <\/p>\n\n\n\n<div class=\"wp-block-columns total is-layout-flex wp-container-core-columns-is-layout-9d6595d7 wp-block-columns-is-layout-flex\">\n<div class=\"wp-block-column is-layout-flow wp-block-column-is-layout-flow\"><div class=\"wp-block-image\">\n<figure class=\"aligncenter size-large\"><img loading=\"lazy\" decoding=\"async\" width=\"149\" height=\"131\" src=\"https:\/\/www.cifha.org.ar\/web\/wp-content\/uploads\/2021\/02\/comunidad-01.jpg\" alt=\"\" class=\"wp-image-142\"\/><\/figure>\n<\/div>\n\n\n<p class=\"has-text-align-center\">Acceso al acervo fotogr\u00e1fico de CIFHA de m\u00e1s de 500.000 unidades documentales.<\/p>\n<\/div>\n\n\n\n<div class=\"wp-block-column is-layout-flow wp-block-column-is-layout-flow\"><div class=\"wp-block-image\">\n<figure class=\"aligncenter size-large\"><img loading=\"lazy\" decoding=\"async\" width=\"149\" height=\"131\" src=\"https:\/\/www.cifha.org.ar\/web\/wp-content\/uploads\/2021\/02\/comunidad-02.jpg\" alt=\"\" class=\"wp-image-143\"\/><\/figure>\n<\/div>\n\n\n<p class=\"has-text-align-center\">Acceso a la Experiencia Interactiva CIFHA de realidad aumentada.<\/p>\n<\/div>\n\n\n\n<div class=\"wp-block-column is-layout-flow wp-block-column-is-layout-flow\"><div class=\"wp-block-image\">\n<figure class=\"aligncenter size-large\"><img loading=\"lazy\" decoding=\"async\" width=\"149\" height=\"131\" src=\"https:\/\/www.cifha.org.ar\/web\/wp-content\/uploads\/2021\/02\/comunidad-03.jpg\" alt=\"\" class=\"wp-image-145\"\/><\/figure>\n<\/div>\n\n\n<p class=\"has-text-align-center\">Charlas, Talleres y Cursos de Capacitaci\u00f3n<\/p>\n<\/div>\n\n\n\n<div class=\"wp-block-column is-layout-flow wp-block-column-is-layout-flow\"><div class=\"wp-block-image\">\n<figure class=\"aligncenter size-large\"><img loading=\"lazy\" decoding=\"async\" width=\"149\" height=\"131\" src=\"https:\/\/www.cifha.org.ar\/web\/wp-content\/uploads\/2021\/02\/comunidad-04.jpg\" alt=\"\" class=\"wp-image-156\"\/><\/figure>\n<\/div>\n\n\n<p class=\"has-text-align-center\">Laboratorio anal\u00f3gico<\/p>\n<\/div>\n\n\n\n<div class=\"wp-block-column is-layout-flow wp-block-column-is-layout-flow\"><div class=\"wp-block-image\">\n<figure class=\"aligncenter size-large\"><img loading=\"lazy\" decoding=\"async\" width=\"149\" height=\"131\" src=\"https:\/\/www.cifha.org.ar\/web\/wp-content\/uploads\/2021\/02\/comunidad-05jpg.jpg\" alt=\"\" class=\"wp-image-157\"\/><\/figure>\n<\/div>\n\n\n<p class=\"has-text-align-center\">Notas e investigaciones exclusivas sobre t\u00e9cnicas y procesos fotogr\u00e1ficos.<\/p>\n<\/div>\n<\/div>\n\n\n\n<p><strong>Complet\u00e1 el formulario y sumate a la comunidad<\/strong>.<br><\/p>\n\n\n<div class=\"wrap pdb-signup pdb-instance-2\" >\n\n    <form method=\"post\" enctype=\"multipart\/form-data\"  autocomplete=\"off\" action=\"\/web\/wp-json\/wp\/v2\/pages\/90\" ><input name=\"action\" type=\"hidden\" value=\"signup\" \/>\n\n<input name=\"subsource\" type=\"hidden\" value=\"participants-database\" \/>\n\n<input name=\"shortcode_page\" type=\"hidden\" value=\"\/web\/wp-json\/wp\/v2\/pages\/90\" \/>\n\n<input name=\"thanks_page\" type=\"hidden\" value=\"\/web\/wp-json\/wp\/v2\/pages\/90\" \/>\n\n<input name=\"instance_index\" type=\"hidden\" value=\"2\" \/>\n\n<input name=\"pdb_data_keys\" type=\"hidden\" value=\"26.1.2.3.4.5.6.7.8.9.21.27.23.10.28\" \/>\n\n<input name=\"session_hash\" type=\"hidden\" value=\"3cee4e5465\" \/>\n\n    <table class=\"form-table pdb-signup\">\n\n      \n      <tbody class=\"field-group field-group-main\">\n        \n                \n        \n        <tr class=\"text-line username-input-group\">\n\n          <th for=\"pdb-username-2\">Nombre de usuario<span class=\"reqd\" style=\"color:red\"> *<\/span><\/th>\n\n          <td>\n\n            <input name=\"username\" id=\"pdb-username-2\" class=\"required-field regular-text\" type=\"text\" value=\"\" \/>\n\n                        \n          <\/td>\n\n        <\/tr>\n  \n        \n        <tr class=\"text-line first_name-input-group\">\n\n          <th for=\"pdb-first_name-2\">Nombre\/s<span class=\"reqd\" style=\"color:red\"> *<\/span><\/th>\n\n          <td>\n\n            <input name=\"first_name\" id=\"pdb-first_name-2\" class=\"required-field regular-text\" type=\"text\" value=\"\" \/>\n\n                        \n          <\/td>\n\n        <\/tr>\n  \n        \n        <tr class=\"text-line last_name-input-group\">\n\n          <th for=\"pdb-last_name-2\">Apellido\/s<span class=\"reqd\" style=\"color:red\"> *<\/span><\/th>\n\n          <td>\n\n            <input name=\"last_name\" id=\"pdb-last_name-2\" class=\"required-field regular-text\" type=\"text\" value=\"\" \/>\n\n                        \n          <\/td>\n\n        <\/tr>\n  \n        \n        <tr class=\"text-line address-input-group\">\n\n          <th for=\"pdb-address-2\">Domicilio<\/th>\n\n          <td>\n\n            <input name=\"address\" id=\"pdb-address-2\" class=\" regular-text\" type=\"text\" value=\"\" \/>\n\n                        \n          <\/td>\n\n        <\/tr>\n  \n        \n        <tr class=\"text-line city-input-group\">\n\n          <th for=\"pdb-city-2\">Ciudad<\/th>\n\n          <td>\n\n            <input name=\"city\" id=\"pdb-city-2\" class=\" regular-text\" type=\"text\" value=\"\" \/>\n\n                        \n          <\/td>\n\n        <\/tr>\n  \n        \n        <tr class=\"text-line state-input-group\">\n\n          <th for=\"pdb-state-2\">Provincia<\/th>\n\n          <td>\n\n            <input name=\"state\" id=\"pdb-state-2\" class=\" regular-text\" type=\"text\" value=\"\" \/>\n\n                        \n          <\/td>\n\n        <\/tr>\n  \n        \n        <tr class=\"text-line country-input-group\">\n\n          <th for=\"pdb-country-2\">Pa\u00eds<\/th>\n\n          <td>\n\n            <input name=\"country\" id=\"pdb-country-2\" class=\" regular-text\" type=\"text\" value=\"\" \/>\n\n                        \n          <\/td>\n\n        <\/tr>\n  \n        \n        <tr class=\"text-line zip-input-group\">\n\n          <th for=\"pdb-zip-2\">C\u00f3digo postal<\/th>\n\n          <td>\n\n            <input name=\"zip\" id=\"pdb-zip-2\" class=\" regular-text\" type=\"text\" value=\"\" \/>\n\n                        \n          <\/td>\n\n        <\/tr>\n  \n        \n        <tr class=\"text-line phone-input-group\">\n\n          <th for=\"pdb-phone-2\">Tel.<\/th>\n\n          <td>\n\n            <input name=\"phone\" id=\"pdb-phone-2\" class=\" regular-text\" type=\"text\" value=\"\" \/>\n\n                        \n          <\/td>\n\n        <\/tr>\n  \n        \n        <tr class=\"text-line email-input-group\">\n\n          <th for=\"pdb-email-2\">Correo electr\u00f3nico<span class=\"reqd\" style=\"color:red\"> *<\/span><\/th>\n\n          <td>\n\n            <input name=\"email\" id=\"pdb-email-2\" class=\"required-field regular-text\" type=\"text\" value=\"\" \/>\n\n                        \n          <\/td>\n\n        <\/tr>\n  \n        \n        <tr class=\"text-line repetir_correo-input-group\">\n\n          <th for=\"pdb-repetir_correo-2\">Repetir correo<span class=\"reqd\" style=\"color:red\"> *<\/span><\/th>\n\n          <td>\n\n            <input name=\"repetir_correo\" id=\"pdb-repetir_correo-2\" class=\"required-field regular-text\" type=\"text\" value=\"\" \/>\n\n                        \n          <\/td>\n\n        <\/tr>\n  \n        \n        <tr class=\"password password_hash-input-group\">\n\n          <th for=\"pdb-password_hash-2\">Contrase\u00f1a<span class=\"reqd\" style=\"color:red\"> *<\/span><\/th>\n\n          <td>\n\n            <input name=\"password_hash\" minlength=\"6\" id=\"pdb-password_hash-2\" class=\"required-field\" type=\"password\" value=\"\" \/>\n\n                        <span class=\"helptext\">Longitud m\u00ednima 6 caracteres<\/span>\n                        \n          <\/td>\n\n        <\/tr>\n  \n        \n        <tr class=\"text-line repetir_contrase\u00f1a-input-group\">\n\n          <th for=\"pdb-repetir_contrase\u00f1a-2\">Repetir Contrase\u00f1a<span class=\"reqd\" style=\"color:red\"> *<\/span><\/th>\n\n          <td>\n\n            <input name=\"repetir_contrase\u00f1a\" minlength=\"6\" id=\"pdb-repetir_contrase\u00f1a-2\" class=\"required-field regular-text\" type=\"password\" value=\"\" \/>\n\n                        \n          <\/td>\n\n        <\/tr>\n  \n                \n        <\/tbody>\n\n      \n      <tbody class=\"field-group field-group-personal\">\n        \n                \n        \n        <tr class=\"checkbox mailing_list-input-group\">\n\n          <th for=\"pdb-mailing_list-2\">Mailing List<\/th>\n\n          <td>\n\n            <input name=\"mailing_list\" id=\"pdb-mailing_list-2-default\" type=\"hidden\" value=\"No\" \/>\n<label for=\"pdb-mailing_list-2\">\n<input name=\"mailing_list\" checked=\"checked\" id=\"pdb-mailing_list-2\" type=\"checkbox\" value=\"Yes\" \/>\n1\n<\/label>\n\n                        <span class=\"helptext\">\u00bfdeseas recibir nuestro newsletter y anuncios ocasionales?<\/span>\n                        \n          <\/td>\n\n        <\/tr>\n  \n        \n        <tr class=\"checkbox active-input-group\">\n\n          <th for=\"pdb-active-2\">T\u00e9rminos y condiciones<span class=\"reqd\" style=\"color:red\"> *<\/span><\/th>\n\n          <td>\n\n            <input name=\"active\" id=\"pdb-active-2-default\" class=\"required-field\" type=\"hidden\" value=\"No\" \/>\n<label for=\"pdb-active-2\">\n<input name=\"active\" id=\"pdb-active-2\" class=\"required-field\" type=\"checkbox\" value=\"Yes\" \/>\n1\n<\/label>\n\n                        <span class=\"helptext\">Acepta nuestros <a href=\"https:\/\/www.cifha.org.ar\/web\/terminos-y-condiciones-generales\/\" style=\"color:blue;text-decoration: underline\">t\u00e9rminos y condiciones<\/a><\/span>\n                        \n          <\/td>\n\n        <\/tr>\n  \n                \n        <\/tbody>\n\n            \n        <tbody class=\"field-group field-group-submit\">\n      \n        <tr>\n          <td class=\"submit-buttons\">\n            \n           <input name=\"submit_button\" class=\"button-primary pdb-submit\" type=\"submit\" value=\"Registrarse\" \/>\n            \n          <\/td>\n          <td class=\"submit-buttons\">\n            \n                      \n          <\/td>\n        <\/tr>\n        \n      <\/tbody>\n      \n    <\/table>\n    \n  <\/form>  \n<\/div>\n\n\n\n<p><\/p>\n","protected":false},"excerpt":{"rendered":"<p>Te invitamos a ser parte de la Comunidad CIFHA, a disfrutar de los servicios y actividades totalmente gratuitas que ofrecemos. Nuestras puertas est\u00e1n abiertas a artistas visuales, arquitectos, historiadores, acad\u00e9micos, estudiantes, organizaciones y a todas las personas interesadas en la cultura y la reflexi\u00f3n. Quiero ser parte de la Comunidad CIFHA Registrate ahora&nbsp; y empez\u00e1 [&hellip;]<\/p>\n","protected":false},"author":1,"featured_media":531,"parent":73,"menu_order":19,"comment_status":"closed","ping_status":"closed","template":"","meta":{"_acf_changed":false,"footnotes":""},"class_list":["post-90","page","type-page","status-publish","has-post-thumbnail","hentry"],"acf":[],"_links":{"self":[{"href":"https:\/\/www.cifha.org.ar\/web\/wp-json\/wp\/v2\/pages\/90","targetHints":{"allow":["GET"]}}],"collection":[{"href":"https:\/\/www.cifha.org.ar\/web\/wp-json\/wp\/v2\/pages"}],"about":[{"href":"https:\/\/www.cifha.org.ar\/web\/wp-json\/wp\/v2\/types\/page"}],"author":[{"embeddable":true,"href":"https:\/\/www.cifha.org.ar\/web\/wp-json\/wp\/v2\/users\/1"}],"replies":[{"embeddable":true,"href":"https:\/\/www.cifha.org.ar\/web\/wp-json\/wp\/v2\/comments?post=90"}],"version-history":[{"count":22,"href":"https:\/\/www.cifha.org.ar\/web\/wp-json\/wp\/v2\/pages\/90\/revisions"}],"predecessor-version":[{"id":2566,"href":"https:\/\/www.cifha.org.ar\/web\/wp-json\/wp\/v2\/pages\/90\/revisions\/2566"}],"up":[{"embeddable":true,"href":"https:\/\/www.cifha.org.ar\/web\/wp-json\/wp\/v2\/pages\/73"}],"wp:featuredmedia":[{"embeddable":true,"href":"https:\/\/www.cifha.org.ar\/web\/wp-json\/wp\/v2\/media\/531"}],"wp:attachment":[{"href":"https:\/\/www.cifha.org.ar\/web\/wp-json\/wp\/v2\/media?parent=90"}],"curies":[{"name":"wp","href":"https:\/\/api.w.org\/{rel}","templated":true}]}}