{"id":87,"date":"2021-01-28T14:00:37","date_gmt":"2021-01-28T17:00:37","guid":{"rendered":"https:\/\/www.cifha.org.ar\/web\/?page_id=87"},"modified":"2023-08-09T19:19:36","modified_gmt":"2023-08-09T22:19:36","slug":"centro-cifha","status":"publish","type":"page","link":"https:\/\/www.cifha.org.ar\/web\/institucional\/centro-cifha\/","title":{"rendered":"Espacio CIFHA"},"content":{"rendered":"\n<p class=\"has-text-color\" style=\"color:#00a79d\">CIFHA cuenta con seis \u00e1reas, desplegalas para conocer m\u00e1s:<\/p>\n\n\n\n<div class=\"wp-block-pb-accordion-item c-accordion__item js-accordion-item no-js p-borde\" data-initially-open=\"false\" data-click-to-close=\"true\" data-auto-close=\"true\" data-scroll=\"false\" data-scroll-offset=\"0\"><h5 id=\"at-870\" class=\"c-accordion__title js-accordion-controller\" role=\"button\">Laboratorio Anal\u00f3gico<\/h5><div id=\"ac-870\" class=\"c-accordion__content\">\n<p>Nuestro laboratorio ofrece servicios de copiado desde soportes anal\u00f3gicos blanco y negro y color. Contamos con tres ampliadoras de excelente calidad, una de ellas es modelo Durst CLS 2000 \/ Laborator 1800, en donde se pueden ampliar negativos desde 35 mm hasta 25 x 25 cm. Se pueden realizar algunos de los procedimientos m\u00e1s importantes de la historia de la fotograf\u00eda tales como: daguerrotipos, ferrotipos, ambrotipos, cianotipos y copias \/ negativos en gelatino bromuro de plata.<\/p>\n<\/div><\/div>\n\n\n\n<div class=\"wp-block-pb-accordion-item c-accordion__item js-accordion-item no-js p-borde\" data-initially-open=\"false\" data-click-to-close=\"true\" data-auto-close=\"true\" data-scroll=\"false\" data-scroll-offset=\"0\"><h5 id=\"at-871\" class=\"c-accordion__title js-accordion-controller\" role=\"button\">Acervo<\/h5><div id=\"ac-871\" class=\"c-accordion__content\">\n<p>El acervo se encuentra en una b\u00f3veda, con temperatura y humedad controlada todo el a\u00f1o, donde se conservan aproximadamente un mill\u00f3n de documentos fotogr\u00e1ficos anal\u00f3gicos.<\/p>\n<\/div><\/div>\n\n\n\n<div class=\"wp-block-pb-accordion-item c-accordion__item js-accordion-item no-js p-borde\" data-initially-open=\"false\" data-click-to-close=\"true\" data-auto-close=\"true\" data-scroll=\"false\" data-scroll-offset=\"0\"><h5 id=\"at-872\" class=\"c-accordion__title js-accordion-controller\" role=\"button\">Biblioteca y Hemeroteca Fotogr\u00e1fica<\/h5><div id=\"ac-872\" class=\"c-accordion__content\">\n<p>Contamos con m\u00e1s de 1.000 libros dedicados a la fotograf\u00eda hist\u00f3rica y contempor\u00e1nea, tanto de autores nacionales como internacionales. Tambi\u00e9n nos encontramos trabajando en la hemeroteca, con m\u00e1s de 2.000 ejemplares, en su mayor\u00eda publicados en Argentina, desde fines del siglo XIX hasta la actualidad.<\/p>\n<\/div><\/div>\n\n\n\n<div class=\"wp-block-pb-accordion-item c-accordion__item js-accordion-item no-js p-borde\" data-initially-open=\"false\" data-click-to-close=\"true\" data-auto-close=\"true\" data-scroll=\"false\" data-scroll-offset=\"0\"><h5 id=\"at-873\" class=\"c-accordion__title js-accordion-controller\" role=\"button\">Sal\u00f3n de Talleres y Conferencias<\/h5><div id=\"ac-873\" class=\"c-accordion__content\">\n<p>La planta alta fue un conventillo construido en el 1900, recientemente restaurado. Con paredes internas y piso de pinotea. El plano original se conserva en el Archivo de Planos y Expedientes Hist\u00f3ricos de AySA, donde se puede observar que funcionaba, en la planta baja, una pulper\u00eda; suponemos que la planta alta era, originalmente, la vivienda de los propietarios del negocio. En el a\u00f1o 2008 descubrimos varios objetos de esa \u00e9poca enterrados en el patio. Realizamos una excavaci\u00f3n arqueol\u00f3gica en conjunto con el \u00e1rea de Patrimonio e Instituto Hist\u00f3rico de la Ciudad Aut\u00f3noma de Buenos Aires; conservamos las piezas encontradas.<\/p>\n<\/div><\/div>\n\n\n\n<div class=\"wp-block-pb-accordion-item c-accordion__item js-accordion-item no-js p-borde\" data-initially-open=\"false\" data-click-to-close=\"true\" data-auto-close=\"true\" data-scroll=\"false\" data-scroll-offset=\"0\"><h5 id=\"at-874\" class=\"c-accordion__title js-accordion-controller\" role=\"button\">Sala de Archiv\u00edstica, Conservaci\u00f3n y Preservaci\u00f3n Digital<\/h5><div id=\"ac-874\" class=\"c-accordion__content\">\n<p>Contamos con un servidor dedicado a la preservaci\u00f3n digital y un NAS de 24 TB. Utilizamos, para la preservaci\u00f3n, Archivematica 1.10 conectado a nuestra aplicaci\u00f3n para la descripci\u00f3n de archivos AtoM<span class=\"has-inline-color has-vivid-cyan-blue-color\"><\/span>. Las tareas de conservaci\u00f3n de documentos materiales tambi\u00e9n se desarrollan en esta \u00e1rea.<\/p>\n<\/div><\/div>\n\n\n\n<div class=\"wp-block-pb-accordion-item c-accordion__item js-accordion-item no-js p-borde\" data-initially-open=\"false\" data-click-to-close=\"true\" data-auto-close=\"true\" data-scroll=\"false\" data-scroll-offset=\"0\"><h5 id=\"at-875\" class=\"c-accordion__title js-accordion-controller\" role=\"button\">Galer\u00eda<\/h5><div id=\"ac-875\" class=\"c-accordion__content\">\n<p>Nuestra galer\u00eda se llama 1101 Foto Espacio y se encuentra en la planta baja del conventillo restaurado. Cuenta con 100 m2 de superficie y tiene la entrada por la ochava de las calles Irala y Gral. Daniel Cerri.<\/p>\n<\/div><\/div>\n\n\n\n<p><\/p>\n\n\n\n<figure class=\"wp-block-gallery has-nested-images columns-2 is-cropped wp-block-gallery-1 is-layout-flex wp-block-gallery-is-layout-flex\">\n<figure class=\"wp-block-image size-large\"><img loading=\"lazy\" decoding=\"async\" width=\"799\" height=\"1000\" data-id=\"334\" src=\"https:\/\/www.cifha.org.ar\/web\/wp-content\/uploads\/2021\/02\/espacio-cifha.jpg\" alt=\"\" class=\"wp-image-334\"\/><figcaption class=\"wp-element-caption\">Plano original de 1900<\/figcaption><\/figure>\n\n\n\n<figure class=\"wp-block-image size-large\"><img loading=\"lazy\" decoding=\"async\" width=\"656\" height=\"555\" data-id=\"202\" src=\"https:\/\/www.cifha.org.ar\/web\/wp-content\/uploads\/2021\/02\/Taller-Prueba.jpg\" alt=\"\" class=\"wp-image-202\"\/><figcaption class=\"wp-element-caption\">Conservaci\u00f3n y catalogaci\u00f3n del archivo<\/figcaption><\/figure>\n\n\n\n<figure class=\"wp-block-image size-large\"><img loading=\"lazy\" decoding=\"async\" width=\"877\" height=\"1000\" data-id=\"177\" src=\"https:\/\/www.cifha.org.ar\/web\/wp-content\/uploads\/2021\/01\/taller.jpg\" alt=\"\" class=\"wp-image-177\"\/><figcaption class=\"wp-element-caption\">Trabajo en Laboratorio anal\u00f3gico<\/figcaption><\/figure>\n<\/figure>\n\n\n\n<p>El espacio que hoy alberga al Centro se encontraba en un estado deplorable. Solo luego de un profundo proceso de remodelaci\u00f3n fue posible constituir un h\u00e1bitat seguro para la guarda y conservaci\u00f3n del Acervo CIFHA. La siguiente galer\u00eda ilustra algunos detalles del antes y el despu\u00e9s de este arduo trabajo.<\/p>\n\n\n\n<figure class=\"wp-block-gallery aligncenter has-nested-images columns-2 is-cropped wp-block-gallery-2 is-layout-flex wp-block-gallery-is-layout-flex\">\n<figure class=\"wp-block-image size-large\"><img loading=\"lazy\" decoding=\"async\" width=\"1944\" height=\"1458\" data-id=\"1145\" src=\"https:\/\/www.cifha.org.ar\/web\/wp-content\/uploads\/2021\/05\/DSC06476.jpg\" alt=\"\" class=\"wp-image-1145\"\/><figcaption class=\"wp-element-caption\">Conventillo antiguo previo a la remodelaci\u00f3n.<\/figcaption><\/figure>\n\n\n\n<figure class=\"wp-block-image size-large\"><img loading=\"lazy\" decoding=\"async\" width=\"1250\" height=\"833\" data-id=\"347\" src=\"https:\/\/www.cifha.org.ar\/web\/wp-content\/uploads\/2021\/02\/17.jpg\" alt=\"\" class=\"wp-image-347\"\/><figcaption class=\"wp-element-caption\">Recepci\u00f3n en el primer piso<\/figcaption><\/figure>\n\n\n\n<figure class=\"wp-block-image size-large\"><img loading=\"lazy\" decoding=\"async\" width=\"1250\" height=\"938\" data-id=\"343\" src=\"https:\/\/www.cifha.org.ar\/web\/wp-content\/uploads\/2021\/02\/04.jpg\" alt=\"\" class=\"wp-image-343\"\/><figcaption class=\"wp-element-caption\">Conventillo antiguo previo a la remodelaci\u00f3n.<\/figcaption><\/figure>\n\n\n\n<figure class=\"wp-block-image size-large\"><img loading=\"lazy\" decoding=\"async\" width=\"1250\" height=\"833\" data-id=\"346\" src=\"https:\/\/www.cifha.org.ar\/web\/wp-content\/uploads\/2021\/02\/05.jpg\" alt=\"\" class=\"wp-image-346\"\/><figcaption class=\"wp-element-caption\">Vista actual desde el patio interior<\/figcaption><\/figure>\n\n\n\n<figure class=\"wp-block-image size-large\"><img loading=\"lazy\" decoding=\"async\" width=\"1250\" height=\"938\" data-id=\"336\" src=\"https:\/\/www.cifha.org.ar\/web\/wp-content\/uploads\/2021\/02\/02.jpg\" alt=\"\" class=\"wp-image-336\"\/><figcaption class=\"wp-element-caption\">Vista del edificio antes de su remodelaci\u00f3n.<\/figcaption><\/figure>\n\n\n\n<figure class=\"wp-block-image size-large\"><img loading=\"lazy\" decoding=\"async\" width=\"1250\" height=\"994\" data-id=\"339\" src=\"https:\/\/www.cifha.org.ar\/web\/wp-content\/uploads\/2021\/02\/03.jpg\" alt=\"\" class=\"wp-image-339\"\/><figcaption class=\"wp-element-caption\">Vista de ochava actual<\/figcaption><\/figure>\n<\/figure>\n","protected":false},"excerpt":{"rendered":"<p>CIFHA cuenta con seis \u00e1reas, desplegalas para conocer m\u00e1s: El espacio que hoy alberga al Centro se encontraba en un estado deplorable. Solo luego de un profundo proceso de remodelaci\u00f3n fue posible constituir un h\u00e1bitat seguro para la guarda y conservaci\u00f3n del Acervo CIFHA. La siguiente galer\u00eda ilustra algunos detalles del antes y el despu\u00e9s [&hellip;]<\/p>\n","protected":false},"author":1,"featured_media":1262,"parent":73,"menu_order":18,"comment_status":"closed","ping_status":"closed","template":"","meta":{"_acf_changed":false,"footnotes":""},"class_list":["post-87","page","type-page","status-publish","has-post-thumbnail","hentry"],"acf":[],"_links":{"self":[{"href":"https:\/\/www.cifha.org.ar\/web\/wp-json\/wp\/v2\/pages\/87","targetHints":{"allow":["GET"]}}],"collection":[{"href":"https:\/\/www.cifha.org.ar\/web\/wp-json\/wp\/v2\/pages"}],"about":[{"href":"https:\/\/www.cifha.org.ar\/web\/wp-json\/wp\/v2\/types\/page"}],"author":[{"embeddable":true,"href":"https:\/\/www.cifha.org.ar\/web\/wp-json\/wp\/v2\/users\/1"}],"replies":[{"embeddable":true,"href":"https:\/\/www.cifha.org.ar\/web\/wp-json\/wp\/v2\/comments?post=87"}],"version-history":[{"count":33,"href":"https:\/\/www.cifha.org.ar\/web\/wp-json\/wp\/v2\/pages\/87\/revisions"}],"predecessor-version":[{"id":2254,"href":"https:\/\/www.cifha.org.ar\/web\/wp-json\/wp\/v2\/pages\/87\/revisions\/2254"}],"up":[{"embeddable":true,"href":"https:\/\/www.cifha.org.ar\/web\/wp-json\/wp\/v2\/pages\/73"}],"wp:featuredmedia":[{"embeddable":true,"href":"https:\/\/www.cifha.org.ar\/web\/wp-json\/wp\/v2\/media\/1262"}],"wp:attachment":[{"href":"https:\/\/www.cifha.org.ar\/web\/wp-json\/wp\/v2\/media?parent=87"}],"curies":[{"name":"wp","href":"https:\/\/api.w.org\/{rel}","templated":true}]}}