{"id":82,"date":"2021-01-28T13:53:30","date_gmt":"2021-01-28T16:53:30","guid":{"rendered":"https:\/\/www.cifha.org.ar\/web\/?page_id=82"},"modified":"2024-12-27T16:58:58","modified_gmt":"2024-12-27T19:58:58","slug":"equipo","status":"publish","type":"page","link":"https:\/\/www.cifha.org.ar\/web\/institucional\/equipo\/","title":{"rendered":"Equipo"},"content":{"rendered":"\n<p class=\"has-black-color has-text-color\">Directorio<\/p>\n\n\n\n<p><span style=\"background-color:rgba(0, 0, 0, 0);color:#8db6b0\" class=\"has-inline-color\">Fundador<\/span><br>       Juli\u00e1n Morvillo<\/p>\n\n\n\n<p><span style=\"background-color:rgba(0, 0, 0, 0);color:#8db6b0\" class=\"has-inline-color\">Presidente \/ Director Ejecutivo<\/span><br>       <a rel=\"noreferrer noopener\" href=\"https:\/\/www.cifha.org.ar\/web\/sin-categoria\/alfredo-srur\/\" target=\"_blank\">Alfredo Srur<\/a><\/p>\n\n\n\n<p><span style=\"background-color:rgba(0, 0, 0, 0);color:#8db6b0\" class=\"has-inline-color\">Secretario<\/span><br>       <a rel=\"noreferrer noopener\" href=\"https:\/\/www.cifha.org.ar\/web\/sin-categoria\/silvio-zuccheri\/\" target=\"_blank\">Silvio Zuccheri<\/a><\/p>\n\n\n\n<p><span style=\"background-color:rgba(0, 0, 0, 0);color:#8db6b0\" class=\"has-inline-color\">Tesorero<\/span><br>       <a rel=\"noreferrer noopener\" href=\"https:\/\/www.cifha.org.ar\/web\/sin-categoria\/ariel-authier\/\" target=\"_blank\">Ariel Authier<\/a><\/p>\n\n\n\n<p><span style=\"background-color:rgba(0, 0, 0, 0);color:#8db6b0\" class=\"has-inline-color\">Vocales<\/span><span style=\"background-color:rgba(0, 0, 0, 0)\" class=\"has-inline-color has-pale-cyan-blue-color\"><br><\/span>       Juli\u00e1n Morvillo<\/p>\n\n\n\n<p>       Carlos March<\/p>\n\n\n\n<p><\/p>\n\n\n\n<p class=\"has-black-color has-text-color\">Equipo CIFHA<\/p>\n\n\n\n<p><\/p>\n\n\n\n<p><span style=\"background-color:rgba(0, 0, 0, 0);color:#8db6b0\" class=\"has-inline-color\">Laboratorio Anal\u00f3gico<\/span><br>        <a rel=\"noreferrer noopener\" href=\"https:\/\/www.cifha.org.ar\/web\/sin-categoria\/emilio-casabianca\" target=\"_blank\">Emilio <\/a><a rel=\"noreferrer noopener\" href=\"https:\/\/www.cifha.org.ar\/web\/sin-categoria\/emilio-casabianca\/\" target=\"_blank\">C<\/a><a rel=\"noreferrer noopener\" href=\"https:\/\/www.cifha.org.ar\/web\/sin-categoria\/emilio-casabianca\" target=\"_blank\">asabianca<\/a><\/p>\n\n\n\n<p><span style=\"background-color:rgba(0, 0, 0, 0);color:#8db6b0\" class=\"has-inline-color\">\u00c1rea de Archivo<\/span><br>        <a rel=\"noreferrer noopener\" href=\"https:\/\/www.cifha.org.ar\/web\/bio\/juan-luis-besoky\/\" target=\"_blank\">Juan Luis Besoky<\/a><\/p>\n\n\n\n<p><span style=\"background-color:rgba(0, 0, 0, 0);color:#8db6b0\" class=\"has-inline-color\">Area de Conservaci\u00f3n<\/span><br>        <a href=\"https:\/\/www.cifha.org.ar\/web\/bio\/emilio-casabianca\/\" target=\"_blank\" rel=\"noreferrer noopener\">Emilio Casabianca<\/a><\/p>\n\n\n\n<p>        <a rel=\"noreferrer noopener\" href=\"https:\/\/www.cifha.org.ar\/web\/sin-categoria\/viviana-alarcon\/\" target=\"_blank\">Viviana Alarc\u00f3n<\/a><\/p>\n\n\n\n<p><span style=\"background-color:rgba(0, 0, 0, 0);color:#8db6b0\" class=\"has-inline-color\">\u00c1rea de Digitalizaci\u00f3n \/ Catalogaci\u00f3n<\/span><br>        <a rel=\"noreferrer noopener\" href=\"https:\/\/www.cifha.org.ar\/web\/sin-categoria\/viviana-alarcon\/\" target=\"_blank\">Viviana Alarc\u00f3n<\/a><\/p>\n\n\n\n<p><span style=\"background-color:rgba(0, 0, 0, 0);color:#8db6b0\" class=\"has-inline-color\">Comunicaci\u00f3n y contenidos<\/span><em><br><\/em><a href=\"https:\/\/www.cifha.org.ar\/web\/bio\/matias-moscoso\/\" data-type=\"link\" data-id=\"https:\/\/www.cifha.org.ar\/web\/bio\/matias-moscoso\/\"> Rosario Bernasconi<\/a><\/p>\n\n\n\n<p><span style=\"background-color:rgba(0, 0, 0, 0);color:#8db6b0\" class=\"has-inline-color\">Asesor Curatorial<\/span><em><br><\/em>        <a rel=\"noreferrer noopener\" href=\"https:\/\/www.cifha.org.ar\/web\/sin-categoria\/ariel-authier\/\" target=\"_blank\">Ariel Authier<\/a><\/p>\n\n\n\n<p><span style=\"background-color:rgba(0, 0, 0, 0);color:#8db6b0\" class=\"has-inline-color\">Asesor Ejecutivo<\/span><em><br><\/em>        <a rel=\"noreferrer noopener\" href=\"https:\/\/www.cifha.org.ar\/web\/sin-categoria\/pablo-tauz\/\" target=\"_blank\">Pablo Tauz<\/a><\/p>\n\n\n\n<p><span style=\"background-color:rgba(0, 0, 0, 0);color:#8db6b0\" class=\"has-inline-color\">Dise\u00f1o Web<\/span><em><br><\/em>        Fabi\u00e1n Muggeri<\/p>\n\n\n\n<p><span style=\"background-color:rgba(0, 0, 0, 0);color:#8db6b0\" class=\"has-inline-color\">Sistemas Inform\u00e1ticos<\/span><br>         <a rel=\"noreferrer noopener\" href=\"https:\/\/www.cifha.org.ar\/web\/sin-categoria\/leonardo-dominguez\/\" target=\"_blank\">Leonardo Dom\u00ednguez<\/a><\/p>\n\n\n\n<p><span style=\"background-color:rgba(0, 0, 0, 0);color:#8db6b0\" class=\"has-inline-color\">Asesores Legales<\/span><br>         <a rel=\"noreferrer noopener\" href=\"https:\/\/www.cifha.org.ar\/web\/bio\/schotz-viascan\/\" target=\"_blank\">Sch\u00f6tz &amp; Viasc\u00e1n<\/a><\/p>\n","protected":false},"excerpt":{"rendered":"<p>Directorio Fundador Juli\u00e1n Morvillo Presidente \/ Director Ejecutivo Alfredo Srur Secretario Silvio Zuccheri Tesorero Ariel Authier Vocales Juli\u00e1n Morvillo Carlos March Equipo CIFHA Laboratorio Anal\u00f3gico Emilio Casabianca \u00c1rea de Archivo Juan Luis Besoky Area de Conservaci\u00f3n Emilio Casabianca Viviana Alarc\u00f3n \u00c1rea de Digitalizaci\u00f3n \/ Catalogaci\u00f3n Viviana Alarc\u00f3n Comunicaci\u00f3n y contenidos Rosario Bernasconi Asesor Curatorial Ariel [&hellip;]<\/p>\n","protected":false},"author":1,"featured_media":452,"parent":73,"menu_order":17,"comment_status":"closed","ping_status":"closed","template":"","meta":{"_acf_changed":false,"footnotes":""},"class_list":["post-82","page","type-page","status-publish","has-post-thumbnail","hentry"],"acf":[],"_links":{"self":[{"href":"https:\/\/www.cifha.org.ar\/web\/wp-json\/wp\/v2\/pages\/82","targetHints":{"allow":["GET"]}}],"collection":[{"href":"https:\/\/www.cifha.org.ar\/web\/wp-json\/wp\/v2\/pages"}],"about":[{"href":"https:\/\/www.cifha.org.ar\/web\/wp-json\/wp\/v2\/types\/page"}],"author":[{"embeddable":true,"href":"https:\/\/www.cifha.org.ar\/web\/wp-json\/wp\/v2\/users\/1"}],"replies":[{"embeddable":true,"href":"https:\/\/www.cifha.org.ar\/web\/wp-json\/wp\/v2\/comments?post=82"}],"version-history":[{"count":37,"href":"https:\/\/www.cifha.org.ar\/web\/wp-json\/wp\/v2\/pages\/82\/revisions"}],"predecessor-version":[{"id":2603,"href":"https:\/\/www.cifha.org.ar\/web\/wp-json\/wp\/v2\/pages\/82\/revisions\/2603"}],"up":[{"embeddable":true,"href":"https:\/\/www.cifha.org.ar\/web\/wp-json\/wp\/v2\/pages\/73"}],"wp:featuredmedia":[{"embeddable":true,"href":"https:\/\/www.cifha.org.ar\/web\/wp-json\/wp\/v2\/media\/452"}],"wp:attachment":[{"href":"https:\/\/www.cifha.org.ar\/web\/wp-json\/wp\/v2\/media?parent=82"}],"curies":[{"name":"wp","href":"https:\/\/api.w.org\/{rel}","templated":true}]}}