{"id":1463,"date":"2021-06-11T08:43:27","date_gmt":"2021-06-11T11:43:27","guid":{"rendered":"https:\/\/www.cifha.org.ar\/web\/?page_id=1463"},"modified":"2023-08-10T16:31:02","modified_gmt":"2023-08-10T19:31:02","slug":"acervo-fotografico-cifha","status":"publish","type":"page","link":"https:\/\/www.cifha.org.ar\/web\/acervo-fotografico-cifha\/","title":{"rendered":"Acervo fotogr\u00e1fico CIFHA"},"content":{"rendered":"\n<p>La creaci\u00f3n del <strong>Acervo CIFHA<\/strong> comenz\u00f3 en el a\u00f1o 2013. A trav\u00e9s de donaciones, adquisiciones e investigaciones, hemos logrado rescatar decenas de colecciones y fondos en peligro. Hasta el momento hemos trabajado los siguientes fondos y colecciones: Fondo Harry Grant Olds 1875-1943; Fondo Bernardo Croce 1910-1930; Colecci\u00f3n Carte de Visite y Portrait Cabinet Argentinos ca.&nbsp;1855-1930; Fondo Alejandro C. Del Conte ca.&nbsp;1915-1999; Fondo Ram\u00f3n &#8220;Ruda&#8221; Dorrego ca.&nbsp;1900-1940; Fondo Juan S. M\u00fcller ca.&nbsp;1880-1930; y Colecci\u00f3n positivos de c\u00e1mara ca.&nbsp;1845-1930.<\/p>\n\n\n\n<p>Contamos aproximadamente con un mill\u00f3n de unidades documentales, de las m\u00e1s diversas t\u00e9cnicas y fot\u00f3grafos. Desde daguerrotipos, ambrotipos, ferrotipos, alb\u00faminas, copias en gelatino bromuro de plata, negativos y positivos de vidrio hasta manuscritos, \u00e1lbumes, cartes de visite y fotograf\u00eda estereosc\u00f3pica.<\/p>\n\n\n\n<p>Te invitamos a descubrir parte de nuestro archivo recorriendo esta galer\u00eda. <strong>Tambi\u00e9n pod\u00e9s acceder al archivo completo CIFHA a trav\u00e9s de nuestro <a rel=\"noreferrer noopener\" href=\"https:\/\/archivo.cifha.org.ar\/\" target=\"_blank\">Sistema de Archiv\u00edstica AtoM<\/a><\/strong><\/p>\n","protected":false},"excerpt":{"rendered":"<p>La creaci\u00f3n del Acervo CIFHA comenz\u00f3 en el a\u00f1o 2013. A trav\u00e9s de donaciones, adquisiciones e investigaciones, hemos logrado rescatar decenas de colecciones y fondos en peligro. Hasta el momento hemos trabajado los siguientes fondos y colecciones: Fondo Harry Grant Olds 1875-1943; Fondo Bernardo Croce 1910-1930; Colecci\u00f3n Carte de Visite y Portrait Cabinet Argentinos ca.&nbsp;1855-1930; [&hellip;]<\/p>\n","protected":false},"author":1,"featured_media":1664,"parent":0,"menu_order":5,"comment_status":"closed","ping_status":"closed","template":"archive-archivo.php","meta":{"_acf_changed":false,"footnotes":""},"class_list":["post-1463","page","type-page","status-publish","has-post-thumbnail","hentry"],"acf":[],"_links":{"self":[{"href":"https:\/\/www.cifha.org.ar\/web\/wp-json\/wp\/v2\/pages\/1463","targetHints":{"allow":["GET"]}}],"collection":[{"href":"https:\/\/www.cifha.org.ar\/web\/wp-json\/wp\/v2\/pages"}],"about":[{"href":"https:\/\/www.cifha.org.ar\/web\/wp-json\/wp\/v2\/types\/page"}],"author":[{"embeddable":true,"href":"https:\/\/www.cifha.org.ar\/web\/wp-json\/wp\/v2\/users\/1"}],"replies":[{"embeddable":true,"href":"https:\/\/www.cifha.org.ar\/web\/wp-json\/wp\/v2\/comments?post=1463"}],"version-history":[{"count":6,"href":"https:\/\/www.cifha.org.ar\/web\/wp-json\/wp\/v2\/pages\/1463\/revisions"}],"predecessor-version":[{"id":2258,"href":"https:\/\/www.cifha.org.ar\/web\/wp-json\/wp\/v2\/pages\/1463\/revisions\/2258"}],"wp:featuredmedia":[{"embeddable":true,"href":"https:\/\/www.cifha.org.ar\/web\/wp-json\/wp\/v2\/media\/1664"}],"wp:attachment":[{"href":"https:\/\/www.cifha.org.ar\/web\/wp-json\/wp\/v2\/media?parent=1463"}],"curies":[{"name":"wp","href":"https:\/\/api.w.org\/{rel}","templated":true}]}}