{"id":102,"date":"2021-01-28T14:36:22","date_gmt":"2021-01-28T17:36:22","guid":{"rendered":"https:\/\/www.cifha.org.ar\/web\/?page_id=102"},"modified":"2021-08-03T10:17:27","modified_gmt":"2021-08-03T13:17:27","slug":"laboratorio-analogico-cifha","status":"publish","type":"page","link":"https:\/\/www.cifha.org.ar\/web\/laboratorio-analogico-cifha\/","title":{"rendered":"Laboratorio anal\u00f3gico CIFHA"},"content":{"rendered":"\n<p>En el Centro funciona un laboratorio de 35 m2 apto para fotograf\u00eda anal\u00f3gica. Cuenta con 3 ampliadoras de excelente calidad, una de ellas (Durst CLS 2000\/Laborator 1800), puede ampliar negativos desde 35 mm. hasta placas de 25 x 25 cm.<\/p>\n\n\n\n<p>Se pueden realizar los 3 procedimientos m\u00e1s importantes en la historia de la fotograf\u00eda: Daguerrotipo, Colodi\u00f3n H\u00famedo y Gelatino Bromuro de Plata.<\/p>\n\n\n\n<p>Para las pr\u00e1cticas de los talleres cuenta con un sistema de extracci\u00f3n segura de gases.<\/p>\n\n\n\n<p>El laboratorio tiene el servicio de copias en gelatino bromuro de plata como as\u00ed tambi\u00e9n revelado de pel\u00edculas en blanco y negro y color.<\/p>\n\n\n\n<figure class=\"wp-block-gallery columns-2 is-cropped wp-block-gallery-1 is-layout-flex wp-block-gallery-is-layout-flex\"><ul class=\"blocks-gallery-grid\"><li class=\"blocks-gallery-item\"><figure><img loading=\"lazy\" decoding=\"async\" width=\"1134\" height=\"756\" src=\"https:\/\/www.cifha.org.ar\/web\/wp-content\/uploads\/2021\/03\/11-1.jpg\" alt=\"\" data-id=\"515\" data-full-url=\"https:\/\/www.cifha.org.ar\/web\/wp-content\/uploads\/2021\/03\/11-1.jpg\" data-link=\"https:\/\/www.cifha.org.ar\/web\/quiero-donar-a-cifha\/11-2\/\" class=\"wp-image-515\"\/><\/figure><\/li><li class=\"blocks-gallery-item\"><figure><img loading=\"lazy\" decoding=\"async\" width=\"4080\" height=\"2720\" src=\"https:\/\/www.cifha.org.ar\/web\/wp-content\/uploads\/2021\/03\/IMG_0337.jpg\" alt=\"\" data-id=\"520\" data-full-url=\"https:\/\/www.cifha.org.ar\/web\/wp-content\/uploads\/2021\/03\/IMG_0337.jpg\" data-link=\"https:\/\/www.cifha.org.ar\/web\/quiero-donar-a-cifha\/img_0337\/\" class=\"wp-image-520\"\/><\/figure><\/li><li class=\"blocks-gallery-item\"><figure><img loading=\"lazy\" decoding=\"async\" width=\"4080\" height=\"2720\" src=\"https:\/\/www.cifha.org.ar\/web\/wp-content\/uploads\/2021\/03\/IMG_1040.jpg\" alt=\"\" data-id=\"541\" data-full-url=\"https:\/\/www.cifha.org.ar\/web\/wp-content\/uploads\/2021\/03\/IMG_1040.jpg\" data-link=\"https:\/\/www.cifha.org.ar\/web\/laboratorio-analogico-cifha\/img_1040\/\" class=\"wp-image-541\"\/><\/figure><\/li><li class=\"blocks-gallery-item\"><figure><img loading=\"lazy\" decoding=\"async\" width=\"834\" height=\"1000\" src=\"https:\/\/www.cifha.org.ar\/web\/wp-content\/uploads\/2021\/03\/Cianotipo-02-web.jpg\" alt=\"\" data-id=\"540\" data-full-url=\"https:\/\/www.cifha.org.ar\/web\/wp-content\/uploads\/2021\/03\/Cianotipo-02-web.jpg\" data-link=\"https:\/\/www.cifha.org.ar\/web\/laboratorio-analogico-cifha\/cianotipo-02-web\/\" class=\"wp-image-540\"\/><\/figure><\/li><li class=\"blocks-gallery-item\"><figure><img loading=\"lazy\" decoding=\"async\" width=\"633\" height=\"992\" src=\"https:\/\/www.cifha.org.ar\/web\/wp-content\/uploads\/2021\/03\/IMG_0273.jpg\" alt=\"\" data-id=\"538\" data-full-url=\"https:\/\/www.cifha.org.ar\/web\/wp-content\/uploads\/2021\/03\/IMG_0273.jpg\" data-link=\"https:\/\/www.cifha.org.ar\/web\/laboratorio-analogico-cifha\/img_0273\/\" class=\"wp-image-538\"\/><\/figure><\/li><\/ul><\/figure>\n\n\n\n<p><\/p>\n","protected":false},"excerpt":{"rendered":"<p>En el Centro funciona un laboratorio de 35 m2 apto para fotograf\u00eda anal\u00f3gica. Cuenta con 3 ampliadoras de excelente calidad, una de ellas (Durst CLS 2000\/Laborator 1800), puede ampliar negativos desde 35 mm. hasta placas de 25 x 25 cm. Se pueden realizar los 3 procedimientos m\u00e1s importantes en la historia de la fotograf\u00eda: Daguerrotipo, [&hellip;]<\/p>\n","protected":false},"author":1,"featured_media":1666,"parent":0,"menu_order":21,"comment_status":"closed","ping_status":"closed","template":"","meta":{"_acf_changed":false,"footnotes":""},"class_list":["post-102","page","type-page","status-publish","has-post-thumbnail","hentry"],"acf":[],"_links":{"self":[{"href":"https:\/\/www.cifha.org.ar\/web\/wp-json\/wp\/v2\/pages\/102","targetHints":{"allow":["GET"]}}],"collection":[{"href":"https:\/\/www.cifha.org.ar\/web\/wp-json\/wp\/v2\/pages"}],"about":[{"href":"https:\/\/www.cifha.org.ar\/web\/wp-json\/wp\/v2\/types\/page"}],"author":[{"embeddable":true,"href":"https:\/\/www.cifha.org.ar\/web\/wp-json\/wp\/v2\/users\/1"}],"replies":[{"embeddable":true,"href":"https:\/\/www.cifha.org.ar\/web\/wp-json\/wp\/v2\/comments?post=102"}],"version-history":[{"count":4,"href":"https:\/\/www.cifha.org.ar\/web\/wp-json\/wp\/v2\/pages\/102\/revisions"}],"predecessor-version":[{"id":1492,"href":"https:\/\/www.cifha.org.ar\/web\/wp-json\/wp\/v2\/pages\/102\/revisions\/1492"}],"wp:featuredmedia":[{"embeddable":true,"href":"https:\/\/www.cifha.org.ar\/web\/wp-json\/wp\/v2\/media\/1666"}],"wp:attachment":[{"href":"https:\/\/www.cifha.org.ar\/web\/wp-json\/wp\/v2\/media?parent=102"}],"curies":[{"name":"wp","href":"https:\/\/api.w.org\/{rel}","templated":true}]}}