{"id":100,"date":"2021-01-28T14:35:35","date_gmt":"2021-01-28T17:35:35","guid":{"rendered":"https:\/\/www.cifha.org.ar\/web\/?page_id=100"},"modified":"2024-01-05T16:07:46","modified_gmt":"2024-01-05T19:07:46","slug":"becas-subsidios-y-concursos","status":"publish","type":"page","link":"https:\/\/www.cifha.org.ar\/web\/becas-subsidios-y-concursos\/","title":{"rendered":"Becas, subsidios y concursos"},"content":{"rendered":"\n<p><strong>Las actividades de investigaci\u00f3n, conservaci\u00f3n, producci\u00f3n,&nbsp;divulgaci\u00f3n y capacitaci\u00f3n que realiza CIFHA desde su creaci\u00f3n son posibles gracias al financiamiento proveniente de diversas organizaciones, fondos y mecenazgos. &nbsp;<\/strong><\/p>\n\n\n\n<h4 class=\"wp-block-heading\">Mecenazgo de la Ciudad de Buenos Aires 2016<\/h4>\n\n\n\n<p>Recibimos nuestra primera aprobaci\u00f3n de Mecenazgo de la ciudad de Buenos Aires en 2016 para la puesta en valor del acervo fotogr\u00e1fico del m\u00e9dico y fot\u00f3grafo aficionado <strong>Bernardo Croce<\/strong>.<\/p>\n\n\n\n<p>Se limpiaron, ensobraron, catalogaron y digitalizaron <strong>m\u00e1s de 5.000 placas de vidrio estereosc\u00f3picas<\/strong> (3D) de principios del siglo XX, como as\u00ed tambi\u00e9n su investigaci\u00f3n hist\u00f3rica. Tambi\u00e9n se realiz\u00f3 una <strong>muestra fotogr\u00e1fica en ARGRA <\/strong>(Asociaci\u00f3n de Reporteros Gr\u00e1ficos de la Rep\u00fablica Argentina), copiando de manera anal\u00f3gica m\u00e1s de 30 obras de Croce.<\/p>\n\n\n\n<figure class=\"wp-block-image size-large\"><img loading=\"lazy\" decoding=\"async\" width=\"1600\" height=\"811\" src=\"https:\/\/www.cifha.org.ar\/web\/wp-content\/uploads\/2021\/05\/AR-CIFHA-CRO-01-126.jpg\" alt=\"\" class=\"wp-image-1216\"\/><\/figure>\n\n\n\n<p><\/p>\n\n\n\n<h4 class=\"wp-block-heading\">Mecenazgo de la Ciudad de Buenos Aires 2017<\/h4>\n\n\n\n<p>Hemos conseguido a trav\u00e9s de la ley de Mecenazgo de la Ciudad Aut\u00f3noma de Buenos Aires, en el a\u00f1o 2017, la puesta en valor de la colecci\u00f3n CIFHA de<em> <\/em><strong><em>Carte de Visite<\/em> y <em>Portrait Cabinet<\/em> argentinos<\/strong>, donde limpiamos, catalogamos y digitalizamos sus <strong>m\u00e1s de 1.500 piezas<\/strong>; confeccionando un libro con m\u00e1s de 300 reproducciones fotogr\u00e1ficas, conjuntamente con una investigaci\u00f3n hist\u00f3rica sobre los estudios fotogr\u00e1ficos argentinos de finales del siglo XIX y principios del XX.<\/p>\n\n\n\n<p>El libro se puede descargar gratuitamente desde nuestra plataforma web.<\/p>\n\n\n<div class=\"wp-block-image\">\n<figure class=\"aligncenter size-large\"><img loading=\"lazy\" decoding=\"async\" width=\"766\" height=\"1083\" src=\"https:\/\/www.cifha.org.ar\/web\/wp-content\/uploads\/2021\/03\/Libro-Haluros-del-Sur_Digital_Page_001.jpg\" alt=\"\" class=\"wp-image-641\"\/><\/figure>\n<\/div>\n\n\n<p><\/p>\n\n\n\n<h4 class=\"wp-block-heading\">Mecenazgo de la Ciudad de Buenos Aires 2018<\/h4>\n\n\n\n<p>Actualmente, estamos realizando una exposici\u00f3n con el resultado del trabajo multidisciplinar realizado en los \u00faltimos tres a\u00f1os, a partir de una investigaci\u00f3n beneficiada por la ley de <strong>Mecenazgo<\/strong> de la Ciudad Aut\u00f3noma de Buenos Aires en 2018, de<strong> la colecci\u00f3n de Alejandro C. del Conte<\/strong>; una de las<strong> principales figuras <\/strong>de la fotograf\u00eda argentina a partir de la segunda d\u00e9cada del siglo XX.<\/p>\n\n\n\n<p>CIFHA posee la colecci\u00f3n de la revista &#8220;<strong><em>Correo Fotogr\u00e1fico Sudamericano<\/em><\/strong>&#8221; (primera publicaci\u00f3n sobre fotograf\u00eda en Argentina con distribuci\u00f3n internacional, editado por Alejandro del Conte a partir de 1921); la colecci\u00f3n de &#8220;<strong><em>Film Gr\u00e1fico<\/em><\/strong>&#8221; (primera publicaci\u00f3n argentina sobre cine mudo, editada por A. del Conte en Tucum\u00e1n a partir de 1917); el guion original de &#8220;<strong><em>La Barra de Taponazo<\/em><\/strong>&#8221; (uno de los primeros films argentinos sonoros, dirigido por A. del Conte y actualmente desaparecido); como as\u00ed tambi\u00e9n los \u00fanicos negativos existentes de A. del Conte; su correspondencia, fotograf\u00eda vintage, c\u00e1maras fotogr\u00e1ficas y \u00e1lbumes.<\/p>\n\n\n\n<p>Esta exposici\u00f3n es la <strong>primera muestra fotogr\u00e1fica<\/strong> de Alejandro Del Conte, realizada en la <strong>Fundaci\u00f3n Arte x Arte <\/strong>en 2021, en el marco del centenario del primer n\u00famero de &#8220;Correo Fotogr\u00e1fico Sudamericano&#8221;.\u00a0<\/p>\n\n\n<div class=\"wp-block-image is-style-default\">\n<figure class=\"aligncenter size-large\"><img loading=\"lazy\" decoding=\"async\" width=\"1600\" height=\"1182\" src=\"https:\/\/www.cifha.org.ar\/web\/wp-content\/uploads\/2021\/05\/CIFHA-DC-PNGO-A-10-001.jpg\" alt=\"\" class=\"wp-image-1222\"\/><\/figure>\n<\/div>\n\n\n<p><\/p>\n\n\n\n<h4 class=\"wp-block-heading\">Mecenazgo de la Ciudad de Buenos Aires 2019<\/h4>\n\n\n\n<p>En 2019 <strong>CIFHA<\/strong> obtuvo su cuarto Mecenazgo para la <strong>puesta en valor del acervo de Ram\u00f3n &#8220;Ruda&#8221; Dorrego<\/strong>, quien tuvo uno de los principales estudios fotogr\u00e1ficos en el norte argentino, en la ciudad de Posadas, enclave cultural argentino. <strong>M\u00e1s de 1.800 negativos in\u00e9ditos de principios del siglo XX<\/strong>, mostrando la inmigraci\u00f3n y el intercambio cultural entre Argentina, Brasil y Paraguay, como as\u00ed tambi\u00e9n el paisaje de la zona en esa \u00e9poca.&nbsp;&nbsp;<\/p>\n\n\n\n<figure class=\"wp-block-image size-large is-style-default\"><img loading=\"lazy\" decoding=\"async\" width=\"2000\" height=\"617\" src=\"https:\/\/www.cifha.org.ar\/web\/wp-content\/uploads\/2021\/03\/vista-posadas-ruda-dorrego-copy-1.jpg\" alt=\"\" class=\"wp-image-673\"\/><\/figure>\n\n\n\n<p><\/p>\n\n\n\n<h4 class=\"wp-block-heading\">2do premio del Concurso de Patrimonio del Fondo Nacional de las Artes<\/h4>\n\n\n\n<p>En el mismo a\u00f1o 2019, CIFHA gan\u00f3 el <strong>2do premio del Concurso de Patrimonio<\/strong> del Fondo Nacional de las Artes en la categor\u00eda &#8220;Patrimonio Cultural Tangible&#8221; por el trabajo de <strong>puesta en valor del acervo del fot\u00f3grafo H. G. Olds \/ Colecci\u00f3n CIFHA (circa 1875-1943)<\/strong>, como as\u00ed tambi\u00e9n por la exposici\u00f3n realizada en FOLA en 2017 titulada &#8220;<strong><em>Espejos de plata<\/em><\/strong>&#8221; en la que se exhibieron m\u00e1s de 100 fotograf\u00edas, entre copias anal\u00f3gicas a partir de los negativos originales, copias vintage, negativos originales y m\u00e1s.<\/p>\n\n\n\n<h4 class=\"wp-block-heading\">Desempolvando Archivos 2020 &#8211; Fundaci\u00f3n Williams y Fundaci\u00f3n Bunge y Born<\/h4>\n\n\n\n<p>Obtuvimos en el a\u00f1o 2020 el subsidio &#8220;<strong>Desempolvando Archivos<\/strong>&#8220;, otorgado por <strong>Fundaci\u00f3n Williams<\/strong> y <strong>Fundaci\u00f3n Bunge y Born<\/strong>, con el proyecto &#8220;<strong>Puesta en valor de la colecci\u00f3n <em>Carte de Visite<\/em> y <em>Portrait Cabinet<\/em> argentinos y el fondo Bernardo Croce (siglos XIX y XX)<\/strong>&#8220;.<\/p>\n\n\n\n<p>Gracias a este subsidio, pusimos a disposici\u00f3n <strong>1856 unidades documentales<\/strong> de nuestro acervo en la plataforma AtoM (Access To Memory) con su descripci\u00f3n archiv\u00edstica de acuerdo con la normativa <strong>ISAD (G)<\/strong>.<\/p>\n\n\n\n<figure class=\"wp-block-image size-large\"><img loading=\"lazy\" decoding=\"async\" width=\"1600\" height=\"809\" src=\"https:\/\/www.cifha.org.ar\/web\/wp-content\/uploads\/2021\/05\/AR-CIFHA-CRO-01-200.jpg\" alt=\"\" class=\"wp-image-1217\"\/><\/figure>\n\n\n\n<p><\/p>\n\n\n\n<h4 class=\"wp-block-heading\">Fondo Desarrollar 2020 &#8211; Ministerio de Cultura de la Naci\u00f3n<\/h4>\n\n\n\n<p>Tambi\u00e9n en agosto de 2020 fuimos beneficiarios de la segunda convocatoria del <strong>Fondo Desarrollar<\/strong> del Ministerio de Cultura de la Naci\u00f3n, y contamos con su apoyo para poder asegurar <strong>la custodia de los m\u00e1s de 500.000 originales fotogr\u00e1ficos<\/strong> y el <strong>mantenimiento de la infraestructura inform\u00e1tica<\/strong> en el marco de la pandemia. <\/p>\n\n\n<div class=\"wp-block-image\">\n<figure class=\"aligncenter size-large is-resized\"><img loading=\"lazy\" decoding=\"async\" width=\"1700\" height=\"1339\" src=\"https:\/\/www.cifha.org.ar\/web\/wp-content\/uploads\/2021\/04\/CIFHA-OLDS-POS-CA01-S05-040desarrollar.jpg\" alt=\"\" class=\"wp-image-935\" style=\"width:690px;height:543px\"\/><figcaption class=\"wp-element-caption\">ESTE ESPACIO CUENTA CON EL APOYO DEL FONDO DESARROLLAR &#8211; MINISTERIO DE CULTURA DE LA NACI\u00d3N<\/figcaption><\/figure>\n<\/div>\n\n\n<p><\/p>\n\n\n\n<h4 class=\"wp-block-heading\">Mecenazgo de la Ciudad de Buenos Aires 2020 &#8211; Fundaci\u00f3n Santander<\/h4>\n\n\n\n<p>Hacia fines de 2020, fue aprobado el proyecto de puesta en valor del fondo de <strong>Juan S. y Adolfo M\u00fcller (c. 1880 &#8211; 1930)<\/strong> mediante la Ley de Mecenazgo. La puesta en valor consiste en la <strong>recuperaci\u00f3n, conservaci\u00f3n, digitalizaci\u00f3n, archiv\u00edstica, preservaci\u00f3n digital, difusi\u00f3n y exhibici\u00f3n<\/strong>.<\/p>\n\n\n\n<p>A su vez, el proyecto contempla el lanzamiento de la <strong>nueva p\u00e1gina CIFHA<\/strong> Virtual, donde difundimos y ponemos a disposici\u00f3n del p\u00fablico general y especializado, todo el contenido que continuamente vamos generando. Tambi\u00e9n estamos trabajando gracias a la aprobaci\u00f3n de este proyecto, en la finalizaci\u00f3n e <strong>inauguraci\u00f3n de la fotogaler\u00eda<\/strong> de CIFHA, que albergar\u00e1 la exhibici\u00f3n de copias realizadas a partir de los negativos originales del fondo M\u00fcller.<\/p>\n\n\n\n<figure class=\"wp-block-image size-large is-style-default\"><img loading=\"lazy\" decoding=\"async\" width=\"1600\" height=\"1220\" src=\"https:\/\/www.cifha.org.ar\/web\/wp-content\/uploads\/2021\/05\/CIFHA-Muller003.jpg\" alt=\"\" class=\"wp-image-1219\"\/><\/figure>\n\n\n\n<figure class=\"wp-block-image size-large\"><img loading=\"lazy\" decoding=\"async\" width=\"2841\" height=\"653\" src=\"https:\/\/www.cifha.org.ar\/web\/wp-content\/uploads\/2021\/04\/banner-logos-02.jpg\" alt=\"\" class=\"wp-image-1001\"\/><\/figure>\n\n\n\n<p><\/p>\n\n\n\n<h4 class=\"wp-block-heading\">Modern Endangered Archives Program &#8211; University of California, Los Angeles (UCLA)<\/h4>\n\n\n\n<p>En 2023 ganamos uno de los subsidios m\u00e1s relevantes a nivel global en el \u00e1mbito de los archivos, otorgado por la prestigiosa <strong>Universidad de California, Los \u00c1ngeles (UCLA)<\/strong>, en los Estados Unidos, denominado <strong>Modern Endangered Archives Program<\/strong>.<\/p>\n\n\n\n<p>Gracias a esto comenzamos el proceso de digitalizaci\u00f3n del archivo del fot\u00f3grafo, escritor, editor, periodista, cineasta, publicista y empresario <strong>Alejandro C. Del Conte (Buenos Aires, 1897 \u2013 ibidem, 1952)<\/strong>, uno de los fondos documentales m\u00e1s importantes de la fotograf\u00eda argentina del siglo XX.<\/p>\n\n\n\n<p>Este material invaluable fue rescatado literalmente de un contenedor de la basura, con destino directo al olvido. A trav\u00e9s del trabajo realizado durante m\u00e1s de 4 a\u00f1os y con el apoyo del Mecenazgo de la Ciudad de Buenos Aires, la Fundaci\u00f3n Santander y la Fundaci\u00f3n Alfonso y Luz Castillo, logramos revivir as\u00ed el archivo de uno de los personajes m\u00e1s destacados de la fotograf\u00eda de nuestro pa\u00eds.<\/p>\n\n\n\n<p>Pr\u00f3ximamente, su acervo estar\u00e1 disponible a todo el mundo para la consulta libre y gratuita tanto desde nuestra plataforma virtual como la de la UCLA.<\/p>\n\n\n\n<figure class=\"wp-block-image size-full\"><img loading=\"lazy\" decoding=\"async\" width=\"1080\" height=\"1080\" src=\"https:\/\/www.cifha.org.ar\/web\/wp-content\/uploads\/2022\/04\/3.jpg\" alt=\"\" class=\"wp-image-1952\"\/><\/figure>\n\n\n\n<p><\/p>\n\n\n\n<h4 class=\"wp-block-heading\">Programa Memoria del Mundo de Am\u00e9rica Latina y el Caribe (MoWLAC) 2023 &#8211; UNESCO<\/h4>\n\n\n\n<p>En noviembre de 2023 recibimos con alegr\u00eda las noticias que llegaron desde Santiago de Chile, tras la <strong>XXIII Reuni\u00f3n del Comit\u00e9 Regional de Am\u00e9rica Latina y el Caribe del Programa Memoria del Mundo de la UNESCO (MoWLAC)<\/strong>. Es que este prestigioso organismo internacional anunci\u00f3 nuestra inclusi\u00f3n en este registro anual, por el trabajo con el <strong>Fondo Harry Grant Olds<\/strong>.<\/p>\n\n\n\n<p>Los miembros del Comit\u00e9 Regional analizaron todas las postulaciones del corriente a\u00f1o y de esta manera CIFHA integra el listado final junto a otras 22 presentaciones de Argentina, Bolivia, Brasil, Chile, Colombia, Cuba, M\u00e9xico, Panam\u00e1, Per\u00fa, Uruguay, Venezuela y Nicaragua.<\/p>\n\n\n\n<p>El programa Memoria del Mundo fue creado por la <strong>UNESCO <\/strong>en 1992 con el objetivo de promover la conservaci\u00f3n y el acceso al patrimonio documental de la humanidad.<\/p>\n\n\n\n<p>\u201cLas fotograf\u00edas del estadounidense Harry Grant Olds, realizadas en placas de vidrio de 20 por 25 cent\u00edmetros, son un registro profesional de la vida y costumbres de los habitantes de la Argentina a principios del siglo XX\u201d, describe la UNESCO y cierra: \u201cHoy ocupan un lugar destacado en la historia de la fotograf\u00eda argentina y son por su calidad t\u00e9cnica y su cantidad una de las m\u00e1s importantes fuentes patrimoniales del pasado argentino\u201d.<\/p>\n\n\n\n<figure class=\"wp-block-image size-large\"><img loading=\"lazy\" decoding=\"async\" width=\"1024\" height=\"830\" src=\"https:\/\/www.cifha.org.ar\/web\/wp-content\/uploads\/2023\/12\/CIFHA-OLDS-PNEG-C013-369-\uf022-RETOCADA-X-KARP-1024x830.jpg\" alt=\"\" class=\"wp-image-2378\" srcset=\"https:\/\/www.cifha.org.ar\/web\/wp-content\/uploads\/2023\/12\/CIFHA-OLDS-PNEG-C013-369-\uf022-RETOCADA-X-KARP-1024x830.jpg 1024w, https:\/\/www.cifha.org.ar\/web\/wp-content\/uploads\/2023\/12\/CIFHA-OLDS-PNEG-C013-369-\uf022-RETOCADA-X-KARP-300x243.jpg 300w, https:\/\/www.cifha.org.ar\/web\/wp-content\/uploads\/2023\/12\/CIFHA-OLDS-PNEG-C013-369-\uf022-RETOCADA-X-KARP-768x622.jpg 768w, https:\/\/www.cifha.org.ar\/web\/wp-content\/uploads\/2023\/12\/CIFHA-OLDS-PNEG-C013-369-\uf022-RETOCADA-X-KARP.jpg 1276w\" sizes=\"auto, (max-width: 1024px) 100vw, 1024px\" \/><\/figure>\n","protected":false},"excerpt":{"rendered":"<p>Las actividades de investigaci\u00f3n, conservaci\u00f3n, producci\u00f3n,&nbsp;divulgaci\u00f3n y capacitaci\u00f3n que realiza CIFHA desde su creaci\u00f3n son posibles gracias al financiamiento proveniente de diversas organizaciones, fondos y mecenazgos. &nbsp; Mecenazgo de la Ciudad de Buenos Aires 2016 Recibimos nuestra primera aprobaci\u00f3n de Mecenazgo de la ciudad de Buenos Aires en 2016 para la puesta en valor del [&hellip;]<\/p>\n","protected":false},"author":1,"featured_media":528,"parent":0,"menu_order":22,"comment_status":"closed","ping_status":"closed","template":"","meta":{"_acf_changed":false,"footnotes":""},"class_list":["post-100","page","type-page","status-publish","has-post-thumbnail","hentry"],"acf":[],"_links":{"self":[{"href":"https:\/\/www.cifha.org.ar\/web\/wp-json\/wp\/v2\/pages\/100","targetHints":{"allow":["GET"]}}],"collection":[{"href":"https:\/\/www.cifha.org.ar\/web\/wp-json\/wp\/v2\/pages"}],"about":[{"href":"https:\/\/www.cifha.org.ar\/web\/wp-json\/wp\/v2\/types\/page"}],"author":[{"embeddable":true,"href":"https:\/\/www.cifha.org.ar\/web\/wp-json\/wp\/v2\/users\/1"}],"replies":[{"embeddable":true,"href":"https:\/\/www.cifha.org.ar\/web\/wp-json\/wp\/v2\/comments?post=100"}],"version-history":[{"count":52,"href":"https:\/\/www.cifha.org.ar\/web\/wp-json\/wp\/v2\/pages\/100\/revisions"}],"predecessor-version":[{"id":2407,"href":"https:\/\/www.cifha.org.ar\/web\/wp-json\/wp\/v2\/pages\/100\/revisions\/2407"}],"wp:featuredmedia":[{"embeddable":true,"href":"https:\/\/www.cifha.org.ar\/web\/wp-json\/wp\/v2\/media\/528"}],"wp:attachment":[{"href":"https:\/\/www.cifha.org.ar\/web\/wp-json\/wp\/v2\/media?parent=100"}],"curies":[{"name":"wp","href":"https:\/\/api.w.org\/{rel}","templated":true}]}}