{"id":622,"date":"2021-03-15T15:32:51","date_gmt":"2021-03-15T18:32:51","guid":{"rendered":"https:\/\/www.cifha.org.ar\/web\/?post_type=archivo&#038;p=622"},"modified":"2021-07-15T18:54:38","modified_gmt":"2021-07-15T21:54:38","slug":"retrato-de-alejandro-c-del-conte","status":"publish","type":"archivo","link":"https:\/\/www.cifha.org.ar\/web\/archivo\/retrato-de-alejandro-c-del-conte\/","title":{"rendered":"Autoretrato de Alejandro C. Del Conte"},"content":{"rendered":"\n<p><\/p>\n\n\n\n<p>Alejandro C. Del Conte naci\u00f3 en Buenos Aires el 25 de abril de 1897 y muri\u00f3, en esa misma ciudad, el 2 de marzo de 1952. Fue una figura central en el mundo del arte fotogr\u00e1fico durante la primera mitad del siglo XX y uno de los primeros en darle una perspectiva latinoamericana a la actividad. Basta con ver el t\u00edtulo elegido de la que ser\u00eda la obra de su vida: <em>Correo Fotogr\u00e1fico Sudamericano (CFS)<\/em>.<\/p>\n\n\n\n<p>Alejandro Del Conte fue editor del semanario tucumano <em>Film Grafico<\/em> en 1917, primera publicaci\u00f3n dedicada al cine que se conozca en Argentina. En 1921 en Buenos Aires, fund\u00f3 la revista <em>Correo Fotogr\u00e1fico Sudamericano<\/em>, publicaci\u00f3n semanal en un principio. Fue la edici\u00f3n fotogr\u00e1fica de mayor importancia en Am\u00e9rica Latina, con distribuci\u00f3n internacional. Alejandro del Conte fue una de las personalidades del medio m\u00e1s influyentes de la \u00e9poca sin lugar a dudas.<\/p>\n\n\n\n<p>En 1934 dirigi\u00f3 el film<em> La Barra de Taponazo<\/em>, una de las primeras pel\u00edculas sonoras del pa\u00eds. Actualmente se encuentra perdida.<\/p>\n\n\n\n<p>Dice el historiador Juan G\u00f3mez:<\/p>\n\n\n\n<p>\u201cFot\u00f3grafo, periodista, escritor, cineasta; pero por sobre todas las cosas un aut\u00e9ntico difusor del Arte de la Fotograf\u00eda. Aunque hizo sus primeras armas como periodista en la desaparecida revista <em>PBT <\/em>logr\u00f3 plasmar su m\u00e1xima aspiraci\u00f3n cuando en 1921 logr\u00f3 fundar una de las m\u00e1s importantes revistas de fotograf\u00eda de todos los tiempos: <em>Correo Fotogr\u00e1fico Sudamericano<\/em>, revista quincenal que dirigi\u00f3 hasta su muerte&#8230; [&#8230;] Del Conte fue fundador de notables instituciones fotogr\u00e1ficas en el pa\u00eds, edit\u00f3 recordados manuales de fotograf\u00eda y cinematograf\u00eda, impulsando a autores de la talla de Zappa, Cal\u00f3gero y otros. Notable docente fotogr\u00e1fico, desde su propia editorial, donde hab\u00eda montado galer\u00edas de toma y laboratorios experimentales, ense\u00f1\u00f3 a muchos -luego- exitosos autores, en forma gratuita las m\u00e1s diversas t\u00e9cnicas fotogr\u00e1ficas. Fue, adem\u00e1s, gestor e impulsor de nuestra Federaci\u00f3n Argentina de Fotograf\u00eda y otras asociaciones profesionales de nuestro medio. Merece que su figura sea recordada mucho m\u00e1s asiduamente\u201d (G\u00f3mez, 1994, p. 8).<\/p>\n\n\n\n<p>Desde CIFHA hemos rescatado el \u00fanico material conservado, comprobado hasta la fecha, del fondo de Alejandro Del Conte. Consta de alrededor de 5.000 unidades documentales, datadas desde los inicios del siglo XX hasta los primeros a\u00f1os del XXI: fotograf\u00edas <em>vintage<\/em>, \u00e1lbumes, agendas, cartas, telegramas, manuscritos, balances comerciales, negativos de vidrio, nitrato y acetato, piezas de fotoclubes, el gui\u00f3n original de <em>La Barra de Taponazo<\/em>, una filmaci\u00f3n en 16mm, registros de audio, recortes de diarios, una parte importante de la colecci\u00f3n de <em>Correo Fotogr\u00e1fico Sudamericano<\/em> (1921-1959) y <em>Film Gr\u00e1fico<\/em> (1917-1918), entre otros documentos que permiten echar luz a la vida y obra de este pionero del cine y la fotograf\u00eda argentina y latinoamericana.<\/p>\n\n\n\n<p><strong>C\u00f3digo de Archivo:<\/strong> CIFHA-Del-conte-A5-049<\/p>\n","protected":false},"featured_media":1218,"template":"","class_list":["post-622","archivo","type-archivo","status-publish","has-post-thumbnail","hentry"],"acf":[],"_links":{"self":[{"href":"https:\/\/www.cifha.org.ar\/web\/wp-json\/wp\/v2\/archivo\/622","targetHints":{"allow":["GET"]}}],"collection":[{"href":"https:\/\/www.cifha.org.ar\/web\/wp-json\/wp\/v2\/archivo"}],"about":[{"href":"https:\/\/www.cifha.org.ar\/web\/wp-json\/wp\/v2\/types\/archivo"}],"wp:featuredmedia":[{"embeddable":true,"href":"https:\/\/www.cifha.org.ar\/web\/wp-json\/wp\/v2\/media\/1218"}],"wp:attachment":[{"href":"https:\/\/www.cifha.org.ar\/web\/wp-json\/wp\/v2\/media?parent=622"}],"curies":[{"name":"wp","href":"https:\/\/api.w.org\/{rel}","templated":true}]}}

<p></p>



<p>Alejandro C. Del Conte nació en Buenos Aires el 25 de abril de 1897 y murió, en esa misma ciudad, el 2 de marzo de 1952. Fue una figura central en el mundo del arte fotográfico durante la primera mitad del siglo XX y uno de los primeros en darle una perspectiva latinoamericana a la actividad. Basta con ver el título elegido de la que sería la obra de su vida: <em>Correo Fotográfico Sudamericano (CFS)</em>.</p>



<p>Alejandro Del Conte fue editor del semanario tucumano <em>Film Grafico</em> en 1917, primera publicación dedicada al cine que se conozca en Argentina. En 1921 en Buenos Aires, fundó la revista <em>Correo Fotográfico Sudamericano</em>, publicación semanal en un principio. Fue la edición fotográfica de mayor importancia en América Latina, con distribución internacional. Alejandro del Conte fue una de las personalidades del medio más influyentes de la época sin lugar a dudas.</p>



<p>En 1934 dirigió el film<em> La Barra de Taponazo</em>, una de las primeras películas sonoras del país. Actualmente se encuentra perdida.</p>



<p>Dice el historiador Juan Gómez:</p>



<p>“Fotógrafo, periodista, escritor, cineasta; pero por sobre todas las cosas un auténtico difusor del Arte de la Fotografía. Aunque hizo sus primeras armas como periodista en la desaparecida revista <em>PBT </em>logró plasmar su máxima aspiración cuando en 1921 logró fundar una de las más importantes revistas de fotografía de todos los tiempos: <em>Correo Fotográfico Sudamericano</em>, revista quincenal que dirigió hasta su muerte&#8230; [&#8230;] Del Conte fue fundador de notables instituciones fotográficas en el país, editó recordados manuales de fotografía y cinematografía, impulsando a autores de la talla de Zappa, Calógero y otros. Notable docente fotográfico, desde su propia editorial, donde había montado galerías de toma y laboratorios experimentales, enseñó a muchos -luego- exitosos autores, en forma gratuita las más diversas técnicas fotográficas. Fue, además, gestor e impulsor de nuestra Federación Argentina de Fotografía y otras asociaciones profesionales de nuestro medio. Merece que su figura sea recordada mucho más asiduamente” (Gómez, 1994, p. 8).</p>



<p>Desde CIFHA hemos rescatado el único material conservado, comprobado hasta la fecha, del fondo de Alejandro Del Conte. Consta de alrededor de 5.000 unidades documentales, datadas desde los inicios del siglo XX hasta los primeros años del XXI: fotografías <em>vintage</em>, álbumes, agendas, cartas, telegramas, manuscritos, balances comerciales, negativos de vidrio, nitrato y acetato, piezas de fotoclubes, el guión original de <em>La Barra de Taponazo</em>, una filmación en 16mm, registros de audio, recortes de diarios, una parte importante de la colección de <em>Correo Fotográfico Sudamericano</em> (1921-1959) y <em>Film Gráfico</em> (1917-1918), entre otros documentos que permiten echar luz a la vida y obra de este pionero del cine y la fotografía argentina y latinoamericana.</p>



<p><strong>Código de Archivo:</strong> CIFHA-Del-conte-A5-049</p>
