{"id":591,"date":"2021-03-15T14:40:19","date_gmt":"2021-03-15T17:40:19","guid":{"rendered":"https:\/\/www.cifha.org.ar\/web\/?post_type=archivo&#038;p=591"},"modified":"2021-07-15T19:01:18","modified_gmt":"2021-07-15T22:01:18","slug":"vista-de-la-fachada-de-un-edificio-decorado-con-luces","status":"publish","type":"archivo","link":"https:\/\/www.cifha.org.ar\/web\/archivo\/vista-de-la-fachada-de-un-edificio-decorado-con-luces\/","title":{"rendered":"Vista de la fachada de un edificio decorado con luces"},"content":{"rendered":"\n<p>Nacido en Buenos Aires en 1881, Bernardo Bartolom\u00e9 Croce fue el tercero de los nueve hijos de un comerciante mayorista uruguayo. A comienzos del siglo XX se recibi\u00f3 de m\u00e9dico y se cas\u00f3 con Ismenia C\u00e1nepa, hija de un estanciero genov\u00e9s radicado en Saladillo con la que tendr\u00eda dos hijos, Alberto y Alicia Hayd\u00e9e. El grueso del material fotogr\u00e1fico que nos ha llegado corresponde a viajes por diversos puntos de la Argentina y el mundo, realizados por el matrimonio entre los a\u00f1os inmediatamente anteriores al nacimiento de su primog\u00e9nito en 1915 y las dos d\u00e9cadas siguientes. Bernardo y su esposa murieron con pocos a\u00f1os de diferencia (\u00e9l en 1956, ella dos a\u00f1os antes); el archivo qued\u00f3 en manos de su hija, hasta donde sabemos \u00faltima descendiente sin hijos, y permanecer\u00eda guardado en su casa hasta la muerte de \u00e9sta en 2012, cuando tuvimos conocimiento de su existencia. <\/p>\n\n\n\n<p>En sus aspectos m\u00e1s generales, la trayectoria de Croce se ajusta a los imaginarios de ascenso social e inter\u00e9s por los avances de la modernidad que atravesaban a la sociedad argentina de su tiempo. Profesional exitoso y primer universitario de una familia inmigrante, propietario de un amplio <em>petit-h\u00f4tel<\/em> en el barrio de Belgrano, Croce fue un visitante asiduo de Europa y Mar del Plata, a la vez que un prol\u00edfico fot\u00f3grafo y cineasta aficionado. Un evidente inter\u00e9s \u2013tan caro, como se\u00f1alar\u00eda Susan Sontag (2006), a la inserci\u00f3n de la fotograf\u00eda en la vida cotidiana del siglo XX\u2013 por dejar testimonio de su prosperidad y felicidad familiar determin\u00f3 la producci\u00f3n de un vasto archivo de im\u00e1genes, del que sobrevive un total de 4867 fotograf\u00edas estereosc\u00f3picas en vidrio (de las que 106 son negativos) y una veintena de copias positivas monosc\u00f3picas en papel a la gelatina de diversos formatos, incluyendo la \u00fanica estereoscop\u00eda en papel de la colecci\u00f3n.<\/p>\n\n\n\n<p>En uno y otro soporte \u2013a lo que deber\u00eda agregarse un n\u00famero indeterminado de filmaciones en 16 mm, hoy perdidas\u2013 la tem\u00e1tica general es la esperable en este tipo de registro: viajes por el interior del pa\u00eds y al extranjero, en un arco geogr\u00e1fico que va de Uruguay a China, \u00c1frica y el norte de Europa. A destinos obligados para los turistas de la \u00e9poca como Francia, Italia o Alemania \u2013con sus escalas en Montevideo y R\u00edo de Janeiro\u2013 se suman otros menos habituales, como la Pen\u00ednsula Escandinava, Dinamarca, Hungr\u00eda o Checoslovaquia, adem\u00e1s de un amplio abanico de colonias europeas en \u00c1frica, el Cercano Oriente y el sudeste asi\u00e1tico. La diversidad de temas es t\u00edpicamente correlativa a la geogr\u00e1fica y abarca paisajes, arquitecturas emblem\u00e1ticas por su importancia hist\u00f3rica o su car\u00e1cter innovador; construcciones de infraestructura portuaria, caminera o ferroviaria que dan cuenta de la transformaci\u00f3n del paisaje por la modernidad; salas de museos y monumentos en espacios p\u00fablicos; rituales, fisonom\u00edas y escenas cotidianas de tribus asociables al estereotipo del salvaje o poblaciones m\u00e1s o menos ex\u00f3ticas de Asia o Europa; retratos del autor o sus acompa\u00f1antes en situaciones diversas; registros de actualidad, en fin, como la Gran Guerra, la visita del pr\u00edncipe de Gales a Buenos Aires o las multitudes de la Italia fascista.<\/p>\n\n\n\n<p>Fragmento de la investigaci\u00f3n de Diego Guerra <em><strong>La evidencia tangible<\/strong>. Amateurismo y estereoscop\u00eda en la colecci\u00f3n del m\u00e9dico Bernardo Croce<\/em>.<\/p>\n\n\n\n<p>C\u00f3digo de Archivo: AR-CIFHA-CRO-01-01-118<\/p>\n","protected":false},"featured_media":1215,"template":"","class_list":["post-591","archivo","type-archivo","status-publish","has-post-thumbnail","hentry"],"acf":[],"_links":{"self":[{"href":"https:\/\/www.cifha.org.ar\/web\/wp-json\/wp\/v2\/archivo\/591","targetHints":{"allow":["GET"]}}],"collection":[{"href":"https:\/\/www.cifha.org.ar\/web\/wp-json\/wp\/v2\/archivo"}],"about":[{"href":"https:\/\/www.cifha.org.ar\/web\/wp-json\/wp\/v2\/types\/archivo"}],"wp:featuredmedia":[{"embeddable":true,"href":"https:\/\/www.cifha.org.ar\/web\/wp-json\/wp\/v2\/media\/1215"}],"wp:attachment":[{"href":"https:\/\/www.cifha.org.ar\/web\/wp-json\/wp\/v2\/media?parent=591"}],"curies":[{"name":"wp","href":"https:\/\/api.w.org\/{rel}","templated":true}]}}

<p>Nacido en Buenos Aires en 1881, Bernardo Bartolomé Croce fue el tercero de los nueve hijos de un comerciante mayorista uruguayo. A comienzos del siglo XX se recibió de médico y se casó con Ismenia Cánepa, hija de un estanciero genovés radicado en Saladillo con la que tendría dos hijos, Alberto y Alicia Haydée. El grueso del material fotográfico que nos ha llegado corresponde a viajes por diversos puntos de la Argentina y el mundo, realizados por el matrimonio entre los años inmediatamente anteriores al nacimiento de su primogénito en 1915 y las dos décadas siguientes. Bernardo y su esposa murieron con pocos años de diferencia (él en 1956, ella dos años antes); el archivo quedó en manos de su hija, hasta donde sabemos última descendiente sin hijos, y permanecería guardado en su casa hasta la muerte de ésta en 2012, cuando tuvimos conocimiento de su existencia. </p>



<p>En sus aspectos más generales, la trayectoria de Croce se ajusta a los imaginarios de ascenso social e interés por los avances de la modernidad que atravesaban a la sociedad argentina de su tiempo. Profesional exitoso y primer universitario de una familia inmigrante, propietario de un amplio <em>petit-hôtel</em> en el barrio de Belgrano, Croce fue un visitante asiduo de Europa y Mar del Plata, a la vez que un prolífico fotógrafo y cineasta aficionado. Un evidente interés –tan caro, como señalaría Susan Sontag (2006), a la inserción de la fotografía en la vida cotidiana del siglo XX– por dejar testimonio de su prosperidad y felicidad familiar determinó la producción de un vasto archivo de imágenes, del que sobrevive un total de 4867 fotografías estereoscópicas en vidrio (de las que 106 son negativos) y una veintena de copias positivas monoscópicas en papel a la gelatina de diversos formatos, incluyendo la única estereoscopía en papel de la colección.</p>



<p>En uno y otro soporte –a lo que debería agregarse un número indeterminado de filmaciones en 16 mm, hoy perdidas– la temática general es la esperable en este tipo de registro: viajes por el interior del país y al extranjero, en un arco geográfico que va de Uruguay a China, África y el norte de Europa. A destinos obligados para los turistas de la época como Francia, Italia o Alemania –con sus escalas en Montevideo y Río de Janeiro– se suman otros menos habituales, como la Península Escandinava, Dinamarca, Hungría o Checoslovaquia, además de un amplio abanico de colonias europeas en África, el Cercano Oriente y el sudeste asiático. La diversidad de temas es típicamente correlativa a la geográfica y abarca paisajes, arquitecturas emblemáticas por su importancia histórica o su carácter innovador; construcciones de infraestructura portuaria, caminera o ferroviaria que dan cuenta de la transformación del paisaje por la modernidad; salas de museos y monumentos en espacios públicos; rituales, fisonomías y escenas cotidianas de tribus asociables al estereotipo del salvaje o poblaciones más o menos exóticas de Asia o Europa; retratos del autor o sus acompañantes en situaciones diversas; registros de actualidad, en fin, como la Gran Guerra, la visita del príncipe de Gales a Buenos Aires o las multitudes de la Italia fascista.</p>



<p>Fragmento de la investigación de Diego Guerra <em><strong>La evidencia tangible</strong>. Amateurismo y estereoscopía en la colección del médico Bernardo Croce</em>.</p>



<p>Código de Archivo: AR-CIFHA-CRO-01-01-118</p>
